)) + -6?
2, 53
Let b be (8 - -2998) + -3 + -1. Suppose 0 = -13*z - 883 + b. List the prime factors of z.
163
Let b = 886 - 441. List the prime factors of b.
5, 89
Let o = -290 - -176. What are the prime factors of (o/(-4))/(21/56)?
2, 19
Let q(k) = 164*k + 34. List the prime factors of q(2).
2, 181
Let m = -6 + 6. Suppose 4*q - 161 - 51 = m. List the prime factors of q.
53
Let u be -172 - (-16)/(12/(-3)). Let k = u + 261. What are the prime factors of k?
5, 17
Suppose -98*k + 131*k - 28446 = 0. List the prime factors of k.
2, 431
Let h(s) = -s**3 + 10*s**2 - 7*s - 16. Let t be h(7). Suppose -320 = -14*p - t. List the prime factors of p.
17
Let c(h) = -17*h + 5. Let x be c(-3). Suppose -3*d = 2*p - 148, d + 3*p = -p + x. What are the prime factors of d?
2, 3
Let n(u) = u**3 - 13*u**2 - 14*u + 3. Let a be n(14). Let r = a - -13. List the prime factors of r.
2
Suppose 10 = -v + 29. Suppose -j - v = -c + 5, 68 = 2*c + 2*j. List the prime factors of c.
29
Suppose 5*l = -5*n + 30, -4*n + 19 = 3*l - 0*n. Suppose m + 3*m - 245 = l*u, -30 = -m - 5*u. What are the prime factors of m?
5, 11
Suppose -5*i - 125 = -3*z - 2*z, 2*i = -4*z + 88. Let r be -3*(-2 + z/(-3)). Let h = r - 14. What are the prime factors of h?
3, 5
Let w = 22 + -12. Let l(r) = -r**3 - 7*r**2 - 2*r - 9. Let k be l(-7). Suppose -4*n = k*j - 37, -w - 30 = -5*j - 5*n. What are the prime factors of j?
5
Let x(y) be the first derivative of y**3/3 + 7*y**2/2 + 3*y - 2. Let f be x(-4). Let m = f - -26. List the prime factors of m.
17
Let k(z) be the third derivative of -z**6/120 - 7*z**5/30 + 7*z**4/8 + 4*z**3 - 40*z**2. What are the prime factors of k(-16)?
2, 5
Let l be 6/(-36)*14 - 2/(-6). List the prime factors of 18/(-4)*(-1*16 - l).
3, 7
Suppose -4 = 4*v - 3*n, -15 = -4*v - 4*n + 9. Suppose v*f - 208 + 38 = -3*z, -f = 4*z - 220. List the prime factors of z - (5 + (-3 - -2)).
2, 5
Suppose 137*y = 127*y + 6110. What are the prime factors of y?
13, 47
Suppose 8*a - 22310 = -7398. What are the prime factors of a?
2, 233
Suppose -4*n = -4*p - 28, -2*p + 7*p = -4*n - 17. Let a be 1/n - (-7)/(-14). Suppose -6*c + c + 185 = a. What are the prime factors of c?
37
What are the prime factors of 2*((-16)/(-32))/((-4)/(-5212))?
1303
Let k(g) = -g**2 + 11*g + 60. What are the prime factors of k(13)?
2, 17
What are the prime factors of 172485/81 - (-20)/(-45)?
2129
Let l(v) = 3*v**2 - 15. Let t be l(-6). Suppose -29*c - t = -32*c. List the prime factors of c.
31
Let b(u) = 2*u**2 - 6*u - 16. Let f be b(8). Suppose 2*l = f - 10. List the prime factors of l.
3
Suppose 4*y + 16 = 2*y - n, -n = -4*y - 20. Let x(u) = u**2 + 6*u + 2. Let g be x(y). List the prime factors of (1 - g)/((-6)/114).
19
Let m(b) = -b + 6. Let i be m(7). Let x = 2 - i. List the prime factors of x.
3
Let l = 82 + 342. What are the prime factors of l?
2, 53
Let b be 8/(-12) + (-1626)/(-9). Suppose 6*o = 12 + b. What are the prime factors of o?
2
Suppose -3*w = -d + 5*d - 14, -2*d + 14 = 5*w. Suppose 335 = 5*x + 5*o, -5*x = -d*o - 108 - 227. List the prime factors of x.
67
Let j(p) be the second derivative of -5/6*p**3 + 8*p + 0 - 2*p**2. List the prime factors of j(-6).
2, 13
Suppose -4*k = -2*s - 1 + 43, 2*k = 4*s - 66. Suppose 0 = 5*o - s - 40. Suppose 3 = -4*n + o. List the prime factors of n.
2
Let q = 137 + -132. Suppose 4*b = -w + 66, -77 - 107 = -3*w - q*b. List the prime factors of w.
2, 29
Let i be 10 + 0 + (-3 - -2). Let c be ((-9)/(-3))/3 + -7 + 23. Let g = c - i. What are the prime factors of g?
2
Suppose -2*o = 4*d + 52, -36 = -0*d + 4*d - 2*o. Let u(h) = 14 + 11*h - 9 + 11 - 10*h. What are the prime factors of u(d)?
5
Suppose i + 7 = -2*v, v + 3 = -2*v + i. Let w = v + 2. Suppose -3*t + 6 = w, 0 = m - 3*m + t + 56. What are the prime factors of m?
29
Suppose 0 = -24*n + 30*n - 6138. What are the prime factors of n?
3, 11, 31
Let z(c) = 37*c**2 + 22*c + 8. What are the prime factors of z(-4)?
2
Let z be (-7)/28 - (-99)/(-4). Let x = z - -69. List the prime factors of x.
2, 11
Suppose 3*a = 60 + 945. What are the prime factors of a?
5, 67
Let w(u) be the first derivative of u**4/4 - 10*u**3/3 - 21*u**2/2 + 15*u - 21. List the prime factors of w(13).
3, 83
Suppose -11*u + 1202 = -4386. List the prime factors of u.
2, 127
Let u be -117 + (6/(-2) - -7). Let a = u - -209. What are the prime factors of a?
2, 3
Let r = 0 + 5. Suppose -5*y + 5*m = -995, 8*m - 12 = r*m. List the prime factors of y.
7, 29
Suppose 5*r = 5*q - 6405, -r + 1281 = -9*q + 10*q. What are the prime factors of q?
3, 7, 61
Suppose 0 = -3*h + 4*r + 87, -24 = -3*h - 2*r + 81. Suppose -3*z + 0 + h = 0. What are the prime factors of z?
11
Suppose d + f - 341 = 32, 0 = -2*f. What are the prime factors of d?
373
Let r(m) = m + 8. Let b(y) = -y - 1. Let i be b(5). Let s be r(i). Suppose s*d + 0 - 22 = 0. List the prime factors of d.
11
Let n be (-1 + -1 + -4)*504/189. Let z(d) = d**3 - 2*d**2 + d + 3. Let y be z(4). Let w = y + n. List the prime factors of w.
23
Suppose 0*h + 51 = -3*h. Let w = h - -31. Let k = 24 - w. List the prime factors of k.
2, 5
Suppose -87744 = -23*d - d. List the prime factors of d.
2, 457
Let x(y) be the second derivative of y**4/12 + 4*y**3/3 - 2*y**2 - y. Let n = 409 - 418. What are the prime factors of x(n)?
5
Let x(c) = -3*c - 44. Let b be x(-14). What are the prime factors of 22289/217 + b*(-1)/7?
103
Let i(w) = -10*w**2 + 6*w + 3. Let s(l) = l**3 + l**2 + l - 1. Let r(j) = i(j) + s(j). List the prime factors of r(9).
5, 13
Let r be 4 + 76 + (-1 - -1). Let q = r + -31. Suppose 2*d - q = -5*o, 4*o - 25 = -2*d + 15. What are the prime factors of o?
3
Let d be 918/1 - (0 - -1). Let h = d + -224. What are the prime factors of ((-20)/6)/((-42)/h)?
5, 11
What are the prime factors of (-456166)/(-369) + -2 + (-48)/(-27)?
2, 3, 103
Let h(b) = -123*b**3 - b**2 - b - 1. Let i be h(-1). Let p = i - 54. List the prime factors of p.
2, 17
Suppose -p = j - 1023, 3*p - 1463 = -5*j + 1616. What are the prime factors of p?
2, 509
Suppose -5173 = 26*n - 15053. What are the prime factors of n?
2, 5, 19
Suppose 2*x - 4*x - 2*c + 446 = 0, -214 = -x + 2*c. What are the prime factors of x?
2, 5, 11
Suppose 0 = -2*y - 7 - 13. Let q = -12 - y. Let u(x) = -4*x**3 - 4*x**2 - 2*x + 1. List the prime factors of u(q).
3, 7
Let z(o) = o**2 + 4*o - 1. Let q be z(-8). Let r = 92 - q. List the prime factors of r.
61
Let f(i) = 13*i + 6. Let c(v) = 27*v + 11. Let k(j) = 4*c(j) - 7*f(j). Let p be k(2). Suppose 4*x - p = 28. What are the prime factors of x?
2
Suppose -b + 0 - 9 = -l, b - 41 = -4*l. Let r be ((-32)/l)/(4/(-10)). Suppose 6*m = r*m - 18. What are the prime factors of m?
3
Let m(x) = 7*x**2 + 11*x + 4. Suppose 2*t = -9 - 3. List the prime factors of m(t).
2, 5, 19
Suppose 17504 = 205*k - 173*k. List the prime factors of k.
547
Let b(i) = -18*i + 167. List the prime factors of b(-25).
617
List the prime factors of (-2)/(-1) + -94*9/(-2).
5, 17
Let f(m) = -18*m + 67. List the prime factors of f(-22).
463
Let o(i) = i**2 + 7*i + 5. Let w be o(-7). Suppose -1 = -3*q + w. Suppose -2*s = -4 - q. What are the prime factors of s?
3
What are the prime factors of 14*2949/24 - 35/28?
3, 191
Suppose 11847 = 2*s + 31*s. List the prime factors of s.
359
Let a be (-12)/(-3) + -4 + 2. Suppose 4*q = 2*o + a*o + 220, -4*q + o + 220 = 0. List the prime factors of q.
5, 11
Let i(n) = 63*n + 10. List the prime factors of i(7).
11, 41
Let q = -380 + 577. Suppose 3*t = -x + 29, -5*x + q = -0*t + 2*t. What are the prime factors of x?
41
Let k(w) = 387*w + 21. What are the prime factors of k(1)?
2, 3, 17
What are the prime factors of 5069/10 + (-9 - 364/(-40))?
3, 13
Let s = 21 + -5. Let n = 67 - s. List the prime factors of n.
3, 17
Suppose q - 395 = -s, 3*q + 4*s = 430 + 760. What are the prime factors of q?
2, 3, 5, 13
What are the prime factors of 1614 - 2/(10/(-55))?
5, 13
Let t(g) = -g + 72. Let k = 7 + -7. List the prime factors of t(k).
2, 3
Let u(t) be the third derivative of t**5/60 - t**4/6 - 5*t**3/3 - 3*t**2. Let l be (40/6)/1 + (-2)/(-6). List the prime factors of u(l).
11
Suppose -3*t + 5*t = x, 0 = x - t - 5. Let r be x/(-3)*(-66)/44. Suppose r*c - 106 = 3*c. List the prime factors of c.
53
What are the prime factors of 72090/30 - (10 + -1)?
2, 3, 7, 19
Suppo